{"id":882,"date":"2022-11-25T16:53:57","date_gmt":"2022-11-25T16:53:57","guid":{"rendered":"http:\/\/teamadp.cl\/?page_id=882"},"modified":"2022-11-25T18:29:25","modified_gmt":"2022-11-25T18:29:25","slug":"deporte-seguro","status":"publish","type":"page","link":"https:\/\/teamadp.cl\/?page_id=882","title":{"rendered":"Deporte Seguro"},"content":{"rendered":"\n<p>La Pol\u00edtica Institucional contra las conductas de abuso sexual, acoso sexual, discriminaci\u00f3n y<br>maltrato se aplica a todo el \u00e1mbito de actividades deportivas y de cualquier otra naturaleza<br>necesaria para el desarrollo de esta organizaci\u00f3n, as\u00ed como respecto de todas las personas que<br>la integran con prescindencia de la funci\u00f3n que desempe\u00f1en en la instituci\u00f3n.<\/p>\n\n\n\n<p>Si requieres dar a conocer un caso por favor envianos un correo a <a href=\"mailto:deporteseguro@teamadp.cl\">deporteseguro@teamadp.cl<\/a><\/p>\n\n\n\n<p>Tambi\u00e9n puedes denunciar a trav\u00e9s del siguiente formulario:<\/p>\n\n\n\n<div class=\"wp-block-contact-form-7-contact-form-selector\">[contact-form-7 id=&#8221;885&#8243; title=&#8221;DEPORTE SEGURO&#8221;]<\/div>\n\n\n\n<figure class=\"wp-block-embed is-type-video is-provider-youtube wp-block-embed-youtube wp-embed-aspect-16-9 wp-has-aspect-ratio\"><div class=\"wp-block-embed__wrapper\">\n<iframe loading=\"lazy\" title=\"#CuidemosNuestroDeporte\" width=\"960\" height=\"540\" src=\"https:\/\/www.youtube.com\/embed\/eYTHofEhsvQ?feature=oembed\" frameborder=\"0\" allow=\"accelerometer; autoplay; clipboard-write; encrypted-media; gyroscope; picture-in-picture; web-share\" allowfullscreen><\/iframe>\n<\/div><\/figure>\n","protected":false},"excerpt":{"rendered":"<p>La Pol\u00edtica Institucional contra las conductas de abuso sexual, acoso sexual, discriminaci\u00f3n ymaltrato se aplica a todo el \u00e1mbito de actividades deportivas y de cualquier otra naturalezanecesaria para el desarrollo de esta organizaci\u00f3n, as\u00ed como respecto de todas las personas quela integran con prescindencia de la funci\u00f3n que desempe\u00f1en en la instituci\u00f3n. Si requieres dar a conocer un caso por favor envianos un correo a deporteseguro@teamadp.cl Tambi\u00e9n puedes denunciar a trav\u00e9s del siguiente formulario:<\/p>\n","protected":false},"author":1,"featured_media":0,"parent":0,"menu_order":0,"comment_status":"closed","ping_status":"closed","template":"","meta":{"footnotes":""},"class_list":["post-882","page","type-page","status-publish","hentry"],"yoast_head":"<!-- This site is optimized with the Yoast SEO plugin v20.5 - https:\/\/yoast.com\/wordpress\/plugins\/seo\/ -->\n<title>Deporte Seguro - TEAMADP<\/title>\n<meta name=\"description\" content=\"Club de Triatl\u00f3n Concepci\u00f3n Chile asociados a Fechitri, que busca instancias y espacios para el deporte en todas las edades.\" \/>\n<meta name=\"robots\" content=\"index, follow, max-snippet:-1, max-image-preview:large, max-video-preview:-1\" \/>\n<link rel=\"canonical\" href=\"https:\/\/teamadp.cl\/?page_id=882\" \/>\n<meta property=\"og:locale\" content=\"es_ES\" \/>\n<meta property=\"og:type\" content=\"article\" \/>\n<meta property=\"og:title\" content=\"Deporte Seguro - TEAMADP\" \/>\n<meta property=\"og:description\" content=\"Club de Triatl\u00f3n Concepci\u00f3n Chile asociados a Fechitri, que busca instancias y espacios para el deporte en todas las edades.\" \/>\n<meta property=\"og:url\" content=\"https:\/\/teamadp.cl\/?page_id=882\" \/>\n<meta property=\"og:site_name\" content=\"TEAMADP\" \/>\n<meta property=\"article:modified_time\" content=\"2022-11-25T18:29:25+00:00\" \/>\n<meta name=\"twitter:card\" content=\"summary_large_image\" \/>\n<script type=\"application\/ld+json\" class=\"yoast-schema-graph\">{\"@context\":\"https:\/\/schema.org\",\"@graph\":[{\"@type\":\"WebPage\",\"@id\":\"https:\/\/teamadp.cl\/?page_id=882\",\"url\":\"https:\/\/teamadp.cl\/?page_id=882\",\"name\":\"Deporte Seguro - TEAMADP\",\"isPartOf\":{\"@id\":\"https:\/\/teamadp.cl\/#website\"},\"datePublished\":\"2022-11-25T16:53:57+00:00\",\"dateModified\":\"2022-11-25T18:29:25+00:00\",\"description\":\"Club de Triatl\u00f3n Concepci\u00f3n Chile asociados a Fechitri, que busca instancias y espacios para el deporte en todas las edades.\",\"breadcrumb\":{\"@id\":\"https:\/\/teamadp.cl\/?page_id=882#breadcrumb\"},\"inLanguage\":\"es-CL\",\"potentialAction\":[{\"@type\":\"ReadAction\",\"target\":[\"https:\/\/teamadp.cl\/?page_id=882\"]}]},{\"@type\":\"BreadcrumbList\",\"@id\":\"https:\/\/teamadp.cl\/?page_id=882#breadcrumb\",\"itemListElement\":[{\"@type\":\"ListItem\",\"position\":1,\"name\":\"Portada\",\"item\":\"https:\/\/teamadp.cl\/\"},{\"@type\":\"ListItem\",\"position\":2,\"name\":\"Deporte Seguro\"}]},{\"@type\":\"WebSite\",\"@id\":\"https:\/\/teamadp.cl\/#website\",\"url\":\"https:\/\/teamadp.cl\/\",\"name\":\"TEAMADP\",\"description\":\"Libera tu Energia\",\"publisher\":{\"@id\":\"https:\/\/teamadp.cl\/#organization\"},\"potentialAction\":[{\"@type\":\"SearchAction\",\"target\":{\"@type\":\"EntryPoint\",\"urlTemplate\":\"https:\/\/teamadp.cl\/?s={search_term_string}\"},\"query-input\":\"required name=search_term_string\"}],\"inLanguage\":\"es-CL\"},{\"@type\":\"Organization\",\"@id\":\"https:\/\/teamadp.cl\/#organization\",\"name\":\"TEAMADP\",\"url\":\"https:\/\/teamadp.cl\/\",\"logo\":{\"@type\":\"ImageObject\",\"inLanguage\":\"es-CL\",\"@id\":\"https:\/\/teamadp.cl\/#\/schema\/logo\/image\/\",\"url\":\"https:\/\/teamadp.cl\/wp-content\/uploads\/cropped-ADPHEAD.png\",\"contentUrl\":\"https:\/\/teamadp.cl\/wp-content\/uploads\/cropped-ADPHEAD.png\",\"width\":450,\"height\":200,\"caption\":\"TEAMADP\"},\"image\":{\"@id\":\"https:\/\/teamadp.cl\/#\/schema\/logo\/image\/\"}}]}<\/script>\n<!-- \/ Yoast SEO plugin. -->","yoast_head_json":{"title":"Deporte Seguro - TEAMADP","description":"Club de Triatl\u00f3n Concepci\u00f3n Chile asociados a Fechitri, que busca instancias y espacios para el deporte en todas las edades.","robots":{"index":"index","follow":"follow","max-snippet":"max-snippet:-1","max-image-preview":"max-image-preview:large","max-video-preview":"max-video-preview:-1"},"canonical":"https:\/\/teamadp.cl\/?page_id=882","og_locale":"es_ES","og_type":"article","og_title":"Deporte Seguro - TEAMADP","og_description":"Club de Triatl\u00f3n Concepci\u00f3n Chile asociados a Fechitri, que busca instancias y espacios para el deporte en todas las edades.","og_url":"https:\/\/teamadp.cl\/?page_id=882","og_site_name":"TEAMADP","article_modified_time":"2022-11-25T18:29:25+00:00","twitter_card":"summary_large_image","schema":{"@context":"https:\/\/schema.org","@graph":[{"@type":"WebPage","@id":"https:\/\/teamadp.cl\/?page_id=882","url":"https:\/\/teamadp.cl\/?page_id=882","name":"Deporte Seguro - TEAMADP","isPartOf":{"@id":"https:\/\/teamadp.cl\/#website"},"datePublished":"2022-11-25T16:53:57+00:00","dateModified":"2022-11-25T18:29:25+00:00","description":"Club de Triatl\u00f3n Concepci\u00f3n Chile asociados a Fechitri, que busca instancias y espacios para el deporte en todas las edades.","breadcrumb":{"@id":"https:\/\/teamadp.cl\/?page_id=882#breadcrumb"},"inLanguage":"es-CL","potentialAction":[{"@type":"ReadAction","target":["https:\/\/teamadp.cl\/?page_id=882"]}]},{"@type":"BreadcrumbList","@id":"https:\/\/teamadp.cl\/?page_id=882#breadcrumb","itemListElement":[{"@type":"ListItem","position":1,"name":"Portada","item":"https:\/\/teamadp.cl\/"},{"@type":"ListItem","position":2,"name":"Deporte Seguro"}]},{"@type":"WebSite","@id":"https:\/\/teamadp.cl\/#website","url":"https:\/\/teamadp.cl\/","name":"TEAMADP","description":"Libera tu Energia","publisher":{"@id":"https:\/\/teamadp.cl\/#organization"},"potentialAction":[{"@type":"SearchAction","target":{"@type":"EntryPoint","urlTemplate":"https:\/\/teamadp.cl\/?s={search_term_string}"},"query-input":"required name=search_term_string"}],"inLanguage":"es-CL"},{"@type":"Organization","@id":"https:\/\/teamadp.cl\/#organization","name":"TEAMADP","url":"https:\/\/teamadp.cl\/","logo":{"@type":"ImageObject","inLanguage":"es-CL","@id":"https:\/\/teamadp.cl\/#\/schema\/logo\/image\/","url":"https:\/\/teamadp.cl\/wp-content\/uploads\/cropped-ADPHEAD.png","contentUrl":"https:\/\/teamadp.cl\/wp-content\/uploads\/cropped-ADPHEAD.png","width":450,"height":200,"caption":"TEAMADP"},"image":{"@id":"https:\/\/teamadp.cl\/#\/schema\/logo\/image\/"}}]}},"_links":{"self":[{"href":"https:\/\/teamadp.cl\/index.php?rest_route=\/wp\/v2\/pages\/882","targetHints":{"allow":["GET"]}}],"collection":[{"href":"https:\/\/teamadp.cl\/index.php?rest_route=\/wp\/v2\/pages"}],"about":[{"href":"https:\/\/teamadp.cl\/index.php?rest_route=\/wp\/v2\/types\/page"}],"author":[{"embeddable":true,"href":"https:\/\/teamadp.cl\/index.php?rest_route=\/wp\/v2\/users\/1"}],"replies":[{"embeddable":true,"href":"https:\/\/teamadp.cl\/index.php?rest_route=%2Fwp%2Fv2%2Fcomments&post=882"}],"version-history":[{"count":4,"href":"https:\/\/teamadp.cl\/index.php?rest_route=\/wp\/v2\/pages\/882\/revisions"}],"predecessor-version":[{"id":889,"href":"https:\/\/teamadp.cl\/index.php?rest_route=\/wp\/v2\/pages\/882\/revisions\/889"}],"wp:attachment":[{"href":"https:\/\/teamadp.cl\/index.php?rest_route=%2Fwp%2Fv2%2Fmedia&parent=882"}],"curies":[{"name":"wp","href":"https:\/\/api.w.org\/{rel}","templated":true}]}}